(v) be the third derivative of -11*v**4/24 + 9*v**3/2 - 13*v**2. Let z be i(-5). What are the prime factors of (2 - (-25)/(-15))*(z + -1)?
3
Let d be (0 - 6) + 1 - 10*95. Let o = -238 - d. List the prime factors of o.
3, 239
Let d be 118 - (1 - (0 + 1)). Let j be 4 + (d - (-4)/2). Let b = 246 - j. List the prime factors of b.
2, 61
Suppose -63*w = -71*w - 16. What are the prime factors of w/(-12) + (-6923)/(-42)?
3, 5, 11
Let l(s) = 1512*s - 970. List the prime factors of l(10).
2, 5, 283
Let u(i) = -i**3 + 2. Let y be u(0). Let x be ((-25)/(-10) + -1)*20/y. Suppose x + 63 = 3*h. What are the prime factors of h?
2, 13
Suppose -2473159 - 1935355 = -288*r + 5181310. List the prime factors of r.
2, 16649
Let t(k) = 2791*k + 1177. List the prime factors of t(8).
3, 5, 1567
Let q = -50 - 78. What are the prime factors of q/(-32) - (2 - 1)*-292?
2, 37
Let w be (3 + -4)/(3/(-9)). Let x be (1 - -3)*w*3/9. Suppose -4*i = x*h - 604, -453 = -4*i + i + 3*h. What are the prime factors of i?
151
List the prime factors of 1786895/77 - 3/7 - 8/(-2).
2, 5, 11, 211
Let k(q) = q**2 + 11*q + 12. Suppose v - 2*a = 0, 2*a = 3*v - 3*a + 5. Let r be k(v). Suppose r*o - 55 = 47. What are the prime factors of o?
3, 17
Suppose 5*u = -2*q + 25334, -4*q + 5620 = -u - 45026. What are the prime factors of q?
2, 13, 487
List the prime factors of 3038 + ((-3420)/20)/(-9).
3, 1019
What are the prime factors of (8/20 - (-233458)/5) + -79 + 83?
2, 13, 449
Let l(g) = 109*g + 500. Let f be l(-4). Suppose 3*i + 2*i = -15. List the prime factors of ((-201)/2)/(i + 168/f).
2, 67
List the prime factors of (-6)/((-18)/123063) + 6/(-24)*20.
2, 3, 1709
What are the prime factors of (((-6489)/6)/(-7))/(2/(14 - -762))?
2, 3, 97, 103
Let f be ((-100)/(-16))/(1/(-20)). Suppose 23*b - 4*b = -3686. Let v = f - b. What are the prime factors of v?
3, 23
List the prime factors of (17010/(-1350))/((-6)/4700).
2, 3, 5, 7, 47
Suppose 0 = -91*c + 86*c - 60. Let a(y) = 2*y**2 + 11*y - 45. What are the prime factors of a(c)?
3, 37
Suppose -35*x = -154*x + 493136. List the prime factors of x.
2, 7, 37
Suppose o - 32951 = -y + 7360, 40323 = y - o. What are the prime factors of y?
3, 89, 151
Let q be (495/165)/(46/(-40) + 1). List the prime factors of 8/q - (-4382)/5.
2, 3, 73
Let m(r) = -2*r**3 - 5*r**2 - 3*r + 2. Let y be m(-2). Suppose 0 = 2*d + y*g - 35 + 9, -3*d + 3*g = -66. Let s = 25 + d. What are the prime factors of s?
2, 11
What are the prime factors of (-4110 - -5 - 13)/(-2)?
29, 71
Let a be 1 + (0 + -2)/((-6)/(-36)). Let y(t) = -t - 5. Let b be y(a). Suppose 2*s + b*s = 800. List the prime factors of s.
2, 5
Let h(g) = 260*g - 31. Let a be h(3). Let x = 1154 - a. List the prime factors of x.
3, 5
Let x(u) = -60*u + 196. Let r be x(-29). Suppose -4*v + 0*h + 4*h = -r, 2414 = 5*v + h. What are the prime factors of v?
3, 7, 23
Suppose -4*r + r + 42 = -3*g, -2*r - 4*g + 16 = 0. Suppose -f = -3*v + v - 24, 0 = -v + 2*f - r. Let q = v + 20. What are the prime factors of q?
2
Suppose 9 = 2*l + a, 0*a + 3*a + 3 = 4*l. Suppose -4*n + 5*n - 3*o - l = 0, 15 = 5*n + 2*o. Suppose -n*c = 5*c - 600. List the prime factors of c.
3, 5
List the prime factors of (-3011700)/(-675) + (7/(-9) - -1).
2, 23, 97
Let x(k) be the third derivative of k**5/10 + k**4/4 + 26*k**3/3 - 2*k**2. Let g = 310 - 315. What are the prime factors of x(g)?
2, 43
Suppose -11*x - 4*p + 36550 = -7*p, -5*p = 2*x - 6651. List the prime factors of x.
3323
Suppose 0 = 3*y + 18*y + 50946. Let x = -737 - y. List the prime factors of x.
3, 563
Suppose x - 21309 = -d, 19*d + 63937 = 3*x + 17*d. List the prime factors of x.
101, 211
Suppose a - 24*c = -26*c + 24543, -4*a + 98190 = 5*c. What are the prime factors of a?
3, 5, 1637
List the prime factors of 612/102 + 2/(-4) + (-130820)/(-8).
2, 8179
Let j = 41103 - 6904. What are the prime factors of j?
11, 3109
Let z = -2081 + 577. Let p = -1052 - z. What are the prime factors of p?
2, 113
Let q be (-8822)/(-55) + (-3)/(-5). Suppose 376 = 5*m - 3*x - 495, -m = -5*x - q. What are the prime factors of m?
2, 11
Let i be (3 + -25)*1 - 1. Let n = 25 + i. List the prime factors of (-184)/(-6)*(5 - n).
2, 23
What are the prime factors of 11424 + (10 - 17/(-17))?
5, 2287
Let s(g) = 9*g**2 + 10*g**2 + 53 + 0*g**2 - 3*g - g**3. Let c be s(19). What are the prime factors of (3 - 1) + c + 128?
2, 3, 7
Let q(r) = -85*r - 7. Suppose 96 = 71*s - 68*s. Let o = s + -34. What are the prime factors of q(o)?
163
Let a(b) = -30*b - 43. Suppose 0 = -14*g + 23*g + 144. What are the prime factors of a(g)?
19, 23
Let r(n) = 422*n - 1742. What are the prime factors of r(59)?
2, 7, 827
Let v(z) = 22*z**2 - 55*z + 2392. List the prime factors of v(46).
2, 23, 1009
Let a be 34/((-10)/(-5)) + 2. Suppose -2997 = -a*k + 1981. What are the prime factors of k?
2, 131
Let z = -27 - -49. Let x = -22 + z. Suppose n + 3*n - 5*c - 315 = 0, 2*n + 5*c - 165 = x. List the prime factors of n.
2, 5
Suppose 23994*r - 24004*r + 114130 = 0. What are the prime factors of r?
101, 113
Suppose -20*u + 376 + 264 = 0. Let v = u + 1642. List the prime factors of v.
2, 3, 31
Let p = -10 - -326. Let j = -216 + p. What are the prime factors of j?
2, 5
Suppose 14 = 7*h - 5*h - 3*t, -h = 4*t + 15. Let k be h*0/(-5) - 0. Suppose k = 18*p - 22*p + 692. What are the prime factors of p?
173
Let l = -12636 - -26458. What are the prime factors of l?
2, 6911
Let n = 68 + -66. Suppose -165 = -n*v + 681. Suppose 5*f = s + v, 342 = 4*f - s - s. What are the prime factors of f?
2, 3, 7
Let y be 22/(-55) - 56/10. What are the prime factors of ((y + -2)*8)/(-2 - 0)?
2
Suppose 4*u - 12 = 4*k, 4*k = -3*u + 2*u - 27. What are the prime factors of 65/(0 - k/54)?
3, 5, 13
Let u = 760 + -606. What are the prime factors of (4/(-6))/(u/(-210441))?
911
Let f be (-3)/(-9)*3 + 3. Let z be (-3)/f - 57/(-12) - 4. Suppose -g - 3*w + 16 = z, 0*w = -5*g + 4*w + 42. List the prime factors of g.
2, 5
Let g(q) = 4*q**3 + 0*q**3 - 4*q**3 + 7*q**2 + 13 - 15*q + q**3. Let h be g(-7). Suppose 4*r - h = 290. What are the prime factors of r?
2, 3, 17
Let q = -85 - -86. Suppose q = 3*k - 50. List the prime factors of k.
17
List the prime factors of -7*(-17 - -10 - 11146/14).
2, 3, 937
Let w(z) = -13 + 15*z**3 + 111*z**3 + 4 + 3 + 5 - 3*z. List the prime factors of w(2).
7, 11, 13
Suppose 0 = -2*x - 2*b + 7744, 0 = 29*x - 30*x - 3*b + 3870. What are the prime factors of x?
3, 1291
List the prime factors of (-416328)/2490*685/(-2).
2, 11, 19, 137
Suppose 11*l + 6*l - 181698 = 241024. What are the prime factors of l?
2, 12433
Let d be 1*2*(-4)/64*-8. List the prime factors of ((d - 2)*-9)/((-7)/(-105)).
3, 5
List the prime factors of 12798267/452 - (36/(-16) - -3).
2, 3, 11, 13
Suppose 0 = 2*u + 2*k - 1 - 123, -4*u + 3*k + 262 = 0. Let p = 276 + -152. Let m = p - u. List the prime factors of m.
2, 3, 5
Let j be (-105)/70*(-40)/6. Suppose -2*a - j = -2*z + 72, z = -a + 49. What are the prime factors of z?
3, 5
Suppose 4*g = 5*k - 3915, -3*k - 38*g = -33*g - 2386. What are the prime factors of k?
787
Let a(o) be the first derivative of 15*o**2/2 - 27*o + 10. Let n be a(7). Let r = n - 43. List the prime factors of r.
5, 7
What are the prime factors of (5120/(-140) + 2)*-133?
2, 11, 19
Let c be 2 + -2 - 1/1. Let m be (-5 + 132/16)/(c/(-4)). Suppose -m*g + 262 = -11*g. List the prime factors of g.
131
Let z be (-34*1)/(204/30 - 7). Suppose 3*f - 2672 = -z. List the prime factors of f.
2, 3, 139
Suppose 0 = -4*n + 1360 + 552. Let s = n - 336. List the prime factors of s.
2, 71
Let b = -1078 + -885. Let h = b + 2983. What are the prime factors of h?
2, 3, 5, 17
Let r(d) = 3*d**2 - 205*d + 72. What are the prime factors of r(-26)?
2, 5, 743
Let i(z) = -z**3 + 8*z**2 - 3*z - 5. Let h be i(7). Suppose -1675 = 18*n - h*n. Suppose n = o + 4*o. List the prime factors of o.
67
Suppose -50*i - f = -49*i - 31585, -4*i = 5*f - 126340. List the prime factors of i.
5, 6317
Let y(k) = 2*k**2 + 83*k + 276. What are the prime factors of y(18)?
2, 3, 13, 31
Let b(n) = 3308*n - 79. What are the prime factors of b(4)?
7, 1879
Suppose -12*y + 8 = -14*y. Let l be (y - (-8)/2)/1. Suppose -4*i + 398 = 2*v, l = -4*i + 4*v + v + 377. List the prime factors of i.
2, 7
Suppose 0 = 5*r + 2*b - 0*b - 89, -4*b = -2*r + 50. Sup